divided by 908.
355
What is the remainder when 14795 is divided by 274?
273
What is the remainder when 2928 is divided by 14?
2
Calculate the remainder when 8313 is divided by 639.
6
What is the remainder when 104465 is divided by 49?
46
What is the remainder when 36851 is divided by 39?
35
Calculate the remainder when 44299 is divided by 86.
9
Calculate the remainder when 242409 is divided by 61.
56
What is the remainder when 440857 is divided by 29?
28
What is the remainder when 50537 is divided by 444?
365
Calculate the remainder when 635187 is divided by 130.
7
What is the remainder when 11369 is divided by 519?
470
What is the remainder when 42014 is divided by 69?
62
What is the remainder when 209494 is divided by 26?
12
What is the remainder when 5114 is divided by 30?
14
Calculate the remainder when 12772 is divided by 775.
372
Calculate the remainder when 5037 is divided by 447.
120
What is the remainder when 674607 is divided by 44?
43
Calculate the remainder when 33856 is divided by 368.
0
Calculate the remainder when 171968 is divided by 254.
10
Calculate the remainder when 61946 is divided by 61912.
34
What is the remainder when 44860 is divided by 1281?
25
What is the remainder when 6392 is divided by 41?
37
Calculate the remainder when 7800 is divided by 35.
30
Calculate the remainder when 328104 is divided by 109364.
12
What is the remainder when 304760 is divided by 87?
86
Calculate the remainder when 699 is divided by 151.
95
What is the remainder when 18035 is divided by 85?
15
Calculate the remainder when 831 is divided by 788.
43
Calculate the remainder when 48772 is divided by 25.
22
Calculate the remainder when 289 is divided by 40.
9
Calculate the remainder when 593365 is divided by 34.
31
Calculate the remainder when 11046 is divided by 442.
438
Calculate the remainder when 7481 is divided by 500.
481
Calculate the remainder when 48615 is divided by 111.
108
What is the remainder when 3080 is divided by 827?
599
Calculate the remainder when 9250 is divided by 840.
10
Calculate the remainder when 2799 is divided by 35.
34
Calculate the remainder when 35244 is divided by 35225.
19
What is the remainder when 1443 is divided by 203?
22
Calculate the remainder when 215304 is divided by 71762.
18
Calculate the remainder when 131554 is divided by 228.
226
Calculate the remainder when 1001845 is divided by 50.
45
What is the remainder when 62554 is divided by 10418?
46
Calculate the remainder when 536619 is divided by 61.
2
Calculate the remainder when 30191 is divided by 10061.
8
What is the remainder when 402268 is divided by 1166?
1164
Calculate the remainder when 2097 is divided by 1859.
238
Calculate the remainder when 37624 is divided by 355.
349
What is the remainder when 1084 is divided by 974?
110
Calculate the remainder when 3914259 is divided by 70.
69
Calculate the remainder when 77641 is divided by 16.
9
Calculate the remainder when 12025 is divided by 570.
55
What is the remainder when 3720 is divided by 451?
112
What is the remainder when 11394 is divided by 627?
108
Calculate the remainder when 15425 is divided by 1306.
1059
Calculate the remainder when 644899 is divided by 73.
17
What is the remainder when 298874 is divided by 149435?
4
What is the remainder when 1408 is divided by 116?
16
What is the remainder when 353897 is divided by 18?
17
What is the remainder when 9368 is divided by 2341?
4
What is the remainder when 178 is divided by 73?
32
What is the remainder when 3560 is divided by 30?
20
Calculate the remainder when 3598 is divided by 1793.
12
Calculate the remainder when 57982 is divided by 14.
8
Calculate the remainder when 1064 is divided by 439.
186
What is the remainder when 53696 is divided by 618?
548
Calculate the remainder when 11691 is divided by 7.
1
Calculate the remainder when 176251 is divided by 97.
2
Calculate the remainder when 8562 is divided by 6.
0
What is the remainder when 2401 is divided by 478?
11
What is the remainder when 10583 is divided by 1510?
13
Calculate the remainder when 427948 is divided by 112.
108
Calculate the remainder when 142550 is divided by 148.
26
Calculate the remainder when 10800 is divided by 130.
10
What is the remainder when 1897 is divided by 147?
133
What is the remainder when 5263 is divided by 2623?
17
What is the remainder when 16367 is divided by 107?
103
Calculate the remainder when 23514 is divided by 658.
484
Calculate the remainder when 5087 is divided by 423.
11
Calculate the remainder when 15760 is divided by 292.
284
Calculate the remainder when 13662 is divided by 3407.
34
Calculate the remainder when 2979 is divided by 1424.
131
Calculate the remainder when 11027 is divided by 1547.
198
Calculate the remainder when 752 is divided by 22.
4
Calculate the remainder when 7497 is divided by 136.
17
Calculate the remainder when 47226 is divided by 48.
42
What is the remainder when 132215 is divided by 14?
13
Calculate the remainder when 7008 is divided by 74.
52
Calculate the remainder when 14846 is divided by 79.
73
What is the remainder when 4572 is divided by 164?
144
Calculate the remainder when 54452 is divided by 70.
62
What is the remainder when 2787 is divided by 2779?
8
Calculate the remainder when 3132 is divided by 3113.
19
What is the remainder when 4076 is divided by 1560?
956
Calculate the remainder when 4439 is divided by 5.
4
Calculate the remainder when 198168 is divided by 1077.
0
Calculate the remainder when 21059 is divided by 135.
134
Calculate the remainder when 8198 is divided by 217.
169
What is the remainder when 8173461 is divided by 46?
43
What is the remainder when 127456 is divided by 197?
194
Calculate the remainder when 40766 is divided by 270.
266
Calculate the remainder when 2091 is divided by 266.
229
What is the remainder when 69067 is divided by 73?
9
Calculate the remainder when 4887 is divided by 410.
377
Calculate the remainder when 24009 is divided by 12001.
7
What is the remainder when 149289 is divided by 116?
113
Calculate the remainder when 8623 is divided by 750.
373
What is the remainder when 113228 is divided by 845?
843
What is the remainder when 3357 is divided by 800?
157
Calculate the remainder when 1563 is divided by 93.
75
What is the remainder when 1369 is divided by 191?
32
Calculate the remainder when 3236 is divided by 171.
158
Calculate the remainder when 2071 is divided by 1707.
364
What is the remainder when 2344591 is divided by 58?
57
What is the remainder when 39350 is divided by 16?
6
Calculate the remainder when 234661 is divided by 33.
31
What is the remainder when 47408 is divided by 489?
464
What is the remainder when 5349 is divided by 40?
29
Calculate the remainder when 886 is divided by 880.
6
Calculate the remainder when 3387 is divided by 29.
23
Calculate the remainder when 10637703 is divided by 1796.
1791
What is the remainder when 12419 is divided by 12285?
134
Calculate the remainder when 5972 is divided by 227.
70
Calculate the remainder when 23623 is divided by 93.
1
Calculate the remainder when 21730 is divided by 7221.
67
What is the remainder when 320 is divided by 168?
152
What is the remainder when 1085360 is divided by 1022?
1018
Calculate the remainder when 10861 is divided by 543.
1
Calculate the remainder when 1946 is divided by 472.
58
Calculate the remainder when 106877 is divided by 17.
15
What is the remainder when 26838 is divided by 92?
66
Calculate the remainder when 3241 is divided by 646.
11
Calculate the remainder when 923764 is divided by 341.
336
What is the remainder when 416 is divided by 49?
24
What is the remainder when 571 is divided by 184?
19
Calculate the remainder when 42221 is divided by 182.
179
Calculate the remainder when 111842 is divided by 894.
92
Calculate the remainder when 7680 is divided by 1094.
22
Calculate the remainder when 285874 is divided by 35733.
10
Calculate the remainder when 9719 is divided by 396.
215
Calculate the remainder when 120084 is divided by 34.
30
What is the remainder when 3124 is divided by 313?
307
Calculate the remainder when 1124 is divided by 1095.
29
Calculate the remainder when 60853 is divided by 20280.
13
Calculate the remainder when 16635 is divided by 130.
125
What is the remainder wh